{"id":604,"date":"2017-02-14T06:17:53","date_gmt":"2017-02-14T06:17:53","guid":{"rendered":"http:\/\/hpha.org.ar\/?page_id=604"},"modified":"2021-05-13T01:46:52","modified_gmt":"2021-05-13T01:46:52","slug":"eventos","status":"publish","type":"page","link":"https:\/\/hpha.org.ar\/en\/eventos\/","title":{"rendered":"Eventos"},"content":{"rendered":"<div class=\"pt-cv-wrapper\"><div class=\"pt-cv-view pt-cv-grid pt-cv-colsys\" id=\"pt-cv-view-e766314mc7\"><div data-id=\"pt-cv-page-1\" class=\"pt-cv-page\" data-cvc=\"2\"><div class=\"col-md-6 col-sm-6 col-xs-12 pt-cv-content-item pt-cv-1-col\" ><div class='pt-cv-ifield'><a href=\"https:\/\/hpha.org.ar\/en\/?p=2788\" class=\"_self pt-cv-href-thumbnail pt-cv-thumb-default\" target=\"_self\" ><\/a>\n<h4 class=\"pt-cv-title\"><a href=\"https:\/\/hpha.org.ar\/en\/?p=2788\" class=\"_self\" target=\"_self\" >(Espa\u00f1ol) Evento de Recaudaci\u00f3n 2019: ARTE + M\u00daSICA por la causa de la Vivienda<\/a><\/h4>\n<div class=\"pt-cv-content\">Sorry, this entry is only available in Espa\u00f1ol ...<br \/><div class=\"pt-cv-rmwrap\"><a href=\"https:\/\/hpha.org.ar\/en\/?p=2788\" class=\"_self pt-cv-readmore btn btn-success\" target=\"_self\">Leer M\u00e1s<\/a><\/div><\/div><\/div><\/div>\n<div class=\"col-md-6 col-sm-6 col-xs-12 pt-cv-content-item pt-cv-1-col\" ><div class='pt-cv-ifield'><a href=\"https:\/\/hpha.org.ar\/en\/?p=2692\" class=\"_self pt-cv-href-thumbnail pt-cv-thumb-default\" target=\"_self\" ><img loading=\"lazy\" decoding=\"async\" width=\"212\" height=\"300\" src=\"https:\/\/hpha.org.ar\/wp-content\/uploads\/2019\/08\/Foro.jpg\" class=\"pt-cv-thumbnail\" alt=\"\" \/><\/a>\n<h4 class=\"pt-cv-title\"><a href=\"https:\/\/hpha.org.ar\/en\/?p=2692\" class=\"_self\" target=\"_self\" >(Espa\u00f1ol) Participaci\u00f3n en el Foro de Vivienda y H\u00e1bitat Social<\/a><\/h4>\n<div class=\"pt-cv-content\">Sorry, this entry is only available in Espa\u00f1ol ...<br \/><div class=\"pt-cv-rmwrap\"><a href=\"https:\/\/hpha.org.ar\/en\/?p=2692\" class=\"_self pt-cv-readmore btn btn-success\" target=\"_self\">Leer M\u00e1s<\/a><\/div><\/div><\/div><\/div>\n<div class=\"col-md-6 col-sm-6 col-xs-12 pt-cv-content-item pt-cv-1-col\" ><div class='pt-cv-ifield'><a href=\"https:\/\/hpha.org.ar\/en\/?p=1924\" class=\"_self pt-cv-href-thumbnail pt-cv-thumb-default\" target=\"_self\" ><img loading=\"lazy\" decoding=\"async\" width=\"300\" height=\"199\" src=\"https:\/\/hpha.org.ar\/wp-content\/uploads\/2018\/09\/LTH_7253.jpg\" class=\"pt-cv-thumbnail\" alt=\"\" \/><\/a>\n<h4 class=\"pt-cv-title\"><a href=\"https:\/\/hpha.org.ar\/en\/?p=1924\" class=\"_self\" target=\"_self\" >(Espa\u00f1ol) Movilizaci\u00f3n con j\u00f3venes: presentaci\u00f3n de la experiencia<\/a><\/h4>\n<div class=\"pt-cv-content\">Sorry, this entry is only available in Espa\u00f1ol ...<br \/><div class=\"pt-cv-rmwrap\"><a href=\"https:\/\/hpha.org.ar\/en\/?p=1924\" class=\"_self pt-cv-readmore btn btn-success\" target=\"_self\">Leer M\u00e1s<\/a><\/div><\/div><\/div><\/div>\n<div class=\"col-md-6 col-sm-6 col-xs-12 pt-cv-content-item pt-cv-1-col\" ><div class='pt-cv-ifield'><a href=\"https:\/\/hpha.org.ar\/en\/?p=1722\" class=\"_self pt-cv-href-thumbnail pt-cv-thumb-default\" target=\"_self\" ><img loading=\"lazy\" decoding=\"async\" width=\"212\" height=\"300\" src=\"https:\/\/hpha.org.ar\/wp-content\/uploads\/2018\/01\/Afiche-Individuos-10022018.jpg\" class=\"pt-cv-thumbnail\" alt=\"\" \/><\/a>\n<h4 class=\"pt-cv-title\"><a href=\"https:\/\/hpha.org.ar\/en\/?p=1722\" class=\"_self\" target=\"_self\" >(Espa\u00f1ol) 1er. Jornada abierta de construcci\u00f3n &#8211; 10 de febrero, 9 a 16.30 hs.<\/a><\/h4>\n<div class=\"pt-cv-content\">Sorry, this entry is only available in Espa\u00f1ol ...<br \/><div class=\"pt-cv-rmwrap\"><a href=\"https:\/\/hpha.org.ar\/en\/?p=1722\" class=\"_self pt-cv-readmore btn btn-success\" target=\"_self\">Leer M\u00e1s<\/a><\/div><\/div><\/div><\/div>\n<div class=\"col-md-6 col-sm-6 col-xs-12 pt-cv-content-item pt-cv-1-col\" ><div class='pt-cv-ifield'><a href=\"https:\/\/hpha.org.ar\/en\/?p=164\" class=\"_self pt-cv-href-thumbnail pt-cv-thumb-default\" target=\"_self\" ><img loading=\"lazy\" decoding=\"async\" width=\"300\" height=\"170\" src=\"https:\/\/hpha.org.ar\/wp-content\/uploads\/2016\/07\/PicDefaultEventsAR.png\" class=\"pt-cv-thumbnail\" alt=\"\" \/><\/a>\n<h4 class=\"pt-cv-title\"><a href=\"https:\/\/hpha.org.ar\/en\/?p=164\" class=\"_self\" target=\"_self\" >Alquileres en contextos vulnerables<\/a><\/h4>\n<div class=\"pt-cv-content\">H\u00e1bitat para la Humanidad Argentina invita a participar de la Mesa Redonda Alquiler en contextos de vulnerabilidad \u2013 \u00daltimos 10 ...<br \/><div class=\"pt-cv-rmwrap\"><a href=\"https:\/\/hpha.org.ar\/en\/?p=164\" class=\"_self pt-cv-readmore btn btn-success\" target=\"_self\">Leer M\u00e1s<\/a><\/div><\/div><\/div><\/div><\/div><\/div><\/div>\n","protected":false},"excerpt":{"rendered":"","protected":false},"author":7,"featured_media":0,"parent":0,"menu_order":0,"comment_status":"closed","ping_status":"closed","template":"","meta":{"_acf_changed":false,"om_disable_all_campaigns":false,"_monsterinsights_skip_tracking":false,"_monsterinsights_sitenote_active":false,"_monsterinsights_sitenote_note":"","_monsterinsights_sitenote_category":0,"_uf_show_specific_survey":0,"_uf_disable_surveys":false,"footnotes":""},"class_list":["post-604","page","type-page","status-publish","hentry"],"acf":[],"aioseo_notices":[],"rttpg_featured_image_url":null,"rttpg_author":{"display_name":"Paula","author_link":"https:\/\/hpha.org.ar\/en\/author\/habitatonar\/"},"rttpg_comment":0,"rttpg_category":null,"rttpg_excerpt":null,"_links":{"self":[{"href":"https:\/\/hpha.org.ar\/en\/wp-json\/wp\/v2\/pages\/604","targetHints":{"allow":["GET"]}}],"collection":[{"href":"https:\/\/hpha.org.ar\/en\/wp-json\/wp\/v2\/pages"}],"about":[{"href":"https:\/\/hpha.org.ar\/en\/wp-json\/wp\/v2\/types\/page"}],"author":[{"embeddable":true,"href":"https:\/\/hpha.org.ar\/en\/wp-json\/wp\/v2\/users\/7"}],"replies":[{"embeddable":true,"href":"https:\/\/hpha.org.ar\/en\/wp-json\/wp\/v2\/comments?post=604"}],"version-history":[{"count":3,"href":"https:\/\/hpha.org.ar\/en\/wp-json\/wp\/v2\/pages\/604\/revisions"}],"predecessor-version":[{"id":1072,"href":"https:\/\/hpha.org.ar\/en\/wp-json\/wp\/v2\/pages\/604\/revisions\/1072"}],"wp:attachment":[{"href":"https:\/\/hpha.org.ar\/en\/wp-json\/wp\/v2\/media?parent=604"}],"curies":[{"name":"wp","href":"https:\/\/api.w.org\/{rel}","templated":true}]}}

<div class="pt-cv-wrapper"><div class="pt-cv-view pt-cv-grid pt-cv-colsys" id="pt-cv-view-e766314mc7"><div data-id="pt-cv-page-1" class="pt-cv-page" data-cvc="2"><div class="col-md-6 col-sm-6 col-xs-12 pt-cv-content-item pt-cv-1-col" ><div class='pt-cv-ifield'><a href="https://hpha.org.ar/en/?p=2788" class="_self pt-cv-href-thumbnail pt-cv-thumb-default" target="_self" ></a>
<h4 class="pt-cv-title"><a href="https://hpha.org.ar/en/?p=2788" class="_self" target="_self" >(Español) Evento de Recaudación 2019: ARTE + MÚSICA por la causa de la Vivienda</a></h4>
<div class="pt-cv-content">Sorry, this entry is only available in Español ...<br /><div class="pt-cv-rmwrap"><a href="https://hpha.org.ar/en/?p=2788" class="_self pt-cv-readmore btn btn-success" target="_self">Leer Más</a></div></div></div></div>
<div class="col-md-6 col-sm-6 col-xs-12 pt-cv-content-item pt-cv-1-col" ><div class='pt-cv-ifield'><a href="https://hpha.org.ar/en/?p=2692" class="_self pt-cv-href-thumbnail pt-cv-thumb-default" target="_self" ><img loading="lazy" decoding="async" width="212" height="300" src="https://hpha.org.ar/wp-content/uploads/2019/08/Foro.jpg" class="pt-cv-thumbnail" alt="" /></a>
<h4 class="pt-cv-title"><a href="https://hpha.org.ar/en/?p=2692" class="_self" target="_self" >(Español) Participación en el Foro de Vivienda y Hábitat Social</a></h4>
<div class="pt-cv-content">Sorry, this entry is only available in Español ...<br /><div class="pt-cv-rmwrap"><a href="https://hpha.org.ar/en/?p=2692" class="_self pt-cv-readmore btn btn-success" target="_self">Leer Más</a></div></div></div></div>
<div class="col-md-6 col-sm-6 col-xs-12 pt-cv-content-item pt-cv-1-col" ><div class='pt-cv-ifield'><a href="https://hpha.org.ar/en/?p=1924" class="_self pt-cv-href-thumbnail pt-cv-thumb-default" target="_self" ><img loading="lazy" decoding="async" width="300" height="199" src="https://hpha.org.ar/wp-content/uploads/2018/09/LTH_7253.jpg" class="pt-cv-thumbnail" alt="" /></a>
<h4 class="pt-cv-title"><a href="https://hpha.org.ar/en/?p=1924" class="_self" target="_self" >(Español) Movilización con jóvenes: presentación de la experiencia</a></h4>
<div class="pt-cv-content">Sorry, this entry is only available in Español ...<br /><div class="pt-cv-rmwrap"><a href="https://hpha.org.ar/en/?p=1924" class="_self pt-cv-readmore btn btn-success" target="_self">Leer Más</a></div></div></div></div>
<div class="col-md-6 col-sm-6 col-xs-12 pt-cv-content-item pt-cv-1-col" ><div class='pt-cv-ifield'><a href="https://hpha.org.ar/en/?p=1722" class="_self pt-cv-href-thumbnail pt-cv-thumb-default" target="_self" ><img loading="lazy" decoding="async" width="212" height="300" src="https://hpha.org.ar/wp-content/uploads/2018/01/Afiche-Individuos-10022018.jpg" class="pt-cv-thumbnail" alt="" /></a>
<h4 class="pt-cv-title"><a href="https://hpha.org.ar/en/?p=1722" class="_self" target="_self" >(Español) 1er. Jornada abierta de construcción &#8211; 10 de febrero, 9 a 16.30 hs.</a></h4>
<div class="pt-cv-content">Sorry, this entry is only available in Español ...<br /><div class="pt-cv-rmwrap"><a href="https://hpha.org.ar/en/?p=1722" class="_self pt-cv-readmore btn btn-success" target="_self">Leer Más</a></div></div></div></div>
<div class="col-md-6 col-sm-6 col-xs-12 pt-cv-content-item pt-cv-1-col" ><div class='pt-cv-ifield'><a href="https://hpha.org.ar/en/?p=164" class="_self pt-cv-href-thumbnail pt-cv-thumb-default" target="_self" ><img loading="lazy" decoding="async" width="300" height="170" src="https://hpha.org.ar/wp-content/uploads/2016/07/PicDefaultEventsAR.png" class="pt-cv-thumbnail" alt="" /></a>
<h4 class="pt-cv-title"><a href="https://hpha.org.ar/en/?p=164" class="_self" target="_self" >Alquileres en contextos vulnerables</a></h4>
<div class="pt-cv-content">Hábitat para la Humanidad Argentina invita a participar de la Mesa Redonda Alquiler en contextos de vulnerabilidad – Últimos 10 ...<br /><div class="pt-cv-rmwrap"><a href="https://hpha.org.ar/en/?p=164" class="_self pt-cv-readmore btn btn-success" target="_self">Leer Más</a></div></div></div></div></div></div></div>
